5 + 1e5e?
1e64
In base 16, what is 46ae + c9?
4777
In base 16, what is 2520 - -f?
252f
In base 11, what is 3 + -6259?
-6256
In base 11, what is 0 - 7236?
-7236
In base 8, what is 4 + -3720472?
-3720466
In base 12, what is 1 + -872a?
-8729
In base 16, what is -70d845 - -5?
-70d840
In base 5, what is 11342201 - 4?
11342142
In base 9, what is -147 + 0?
-147
In base 12, what is 7a30 - -1?
7a31
In base 13, what is 7 + 6699?
66a3
In base 13, what is 2019 + 137?
2153
In base 3, what is 10022121020111 - 11?
10022121020100
In base 4, what is -2233 + 120002?
111103
In base 14, what is -1a009 + 2?
-1a007
In base 14, what is 4 + 1a422?
1a426
In base 13, what is 119 + -445b?
-4342
In base 14, what is -1709d - 26?
-170c5
In base 7, what is -5045 + 420?
-4325
In base 5, what is 243241 + -12?
243224
In base 13, what is 1c0 + 1954?
1b44
In base 10, what is 332 + 1569?
1901
In base 13, what is 43b - a64?
-626
In base 14, what is -2 + 70?
6c
In base 5, what is 0 + 23220120?
23220120
In base 15, what is 3c2dc + -2?
3c2da
In base 11, what is -4 - 40a7?
-4100
In base 13, what is -4a - -82b?
7b1
In base 14, what is 56b - 4cb?
80
In base 11, what is -14 - 22190?
-221a4
In base 13, what is -a975 + -3?
-a978
In base 4, what is -20333223 + -31?
-20333320
In base 13, what is 25038 + -29?
2500c
In base 7, what is 5 - -15515151?
15515156
In base 8, what is -717 + -303?
-1222
In base 16, what is -1 + 185f0?
185ef
In base 5, what is 4012 - 32221?
-23204
In base 8, what is 22 + 1135241?
1135263
In base 4, what is -103 - -222323?
222220
In base 7, what is -5 + -1414014?
-1414022
In base 16, what is 0 - cede2?
-cede2
In base 2, what is 10111110100011101 + -11000?
10111110100000101
In base 2, what is 1100100 - -1001100111?
1011001011
In base 5, what is 4 + 104032?
104041
In base 16, what is 1243b - 0?
1243b
In base 13, what is cc61 - 17?
cc47
In base 12, what is 16029 - 8?
16021
In base 8, what is -2 + 553400?
553376
In base 2, what is 1010111010 - -1000111?
1100000001
In base 10, what is -153422 - 1?
-153423
In base 13, what is b47ab + b?
b47b9
In base 6, what is 5 - -101113?
101122
In base 7, what is 110 - 53005?
-52565
In base 4, what is -122123 - -1010?
-121113
In base 5, what is -20 - -33203?
33133
In base 12, what is 87 - -3b368?
3b433
In base 10, what is 11618 + 134?
11752
In base 14, what is -24 + 5183?
515d
In base 3, what is 112020011 + 11?
112020022
In base 8, what is 644 - 1433?
-567
In base 12, what is 6692 - -21?
66b3
In base 15, what is 3a9 + cc?
486
In base 11, what is 6a978 + -3?
6a975
In base 13, what is 37ba0 + 0?
37ba0
In base 4, what is 300112230 - -3?
300112233
In base 7, what is 141 + 4236?
4410
In base 9, what is -2 - -45281?
45278
In base 5, what is 22443 - 14?
22424
In base 13, what is -6 + 88685?
8867c
In base 15, what is -553d + -1?
-553e
In base 4, what is 1011231 + 0?
1011231
In base 14, what is -111b8 + -5?
-111bd
In base 3, what is -1020100202 - -1?
-1020100201
In base 4, what is 12 + -11133200?
-11133122
In base 8, what is 332456 - 1?
332455
In base 13, what is -13a - 1564?
-16a1
In base 13, what is 3c - 7385?
-7346
In base 13, what is 1a - -3985?
39a2
In base 7, what is -1 - 1411?
-1412
In base 14, what is -5 - -114db7?
114db2
In base 11, what is -115707 + a?
-1156a8
In base 11, what is -7123 + -5a?
-7182
In base 5, what is -1114 - -12100?
10431
In base 8, what is -4344300 - 5?
-4344305
In base 15, what is 1dae8 + 1?
1dae9
In base 10, what is 67 - -467?
534
In base 13, what is -7b0 + -36?
-816
In base 8, what is -12 + -1002641?
-1002653
In base 8, what is -323 + -3256?
-3601
In base 12, what is 1 - -2a601?
2a602
In base 10, what is 2 + -2981?
-2979
In base 4, what is 330 - -333020?
1000010
In base 7, what is -26 - 24315?
-24344
In base 4, what is 120 - 33331010?
-33330230
In base 3, what is -111000 + -1121?
-112121
In base 9, what is -708 + -1?
-710
In base 3, what is -1 - 1022211200?
-1022211201
In base 2, what is -100 + 1101100101110?
1101100101010
In base 16, what is 33ab6 + -2?
33ab4
In base 9, what is 1 - 176460?
-176458
In base 4, what is 1110102 + -1120?
1102322
In base 13, what is 28 + -31?
-6
In base 3, what is -102211221 + 2?
-102211212
In base 4, what is -3101 - -112202?
103101
In base 8, what is 0 - 2402303?
-2402303
In base 13, what is 36a6c5 + 2?
36a6c7
In base 7, what is -1111034 + 0?
-1111034
In base 5, what is 10 - -131043?
131103
In base 2, what is -101011101101 + 1011?
-101011100010
In base 14, what is -731 - -960?
22d
In base 3, what is -100102 - -102001?
1122
In base 14, what is 0 - -1136bb?
1136bb
In base 16, what is 8 - -ab9f?
aba7
In base 2, what is 10000011 - 11011011001111?
-11011001001100
In base 12, what is -aa924 + 5?
-aa91b
In base 7, what is 34213 + -10?
34203
In base 15, what is 6d1 - -665?
d46
In base 15, what is 37 - -471?
4a8
In base 12, what is -87098 + 0?
-87098
In base 12, what is -4830 - 26?
-4856
In base 12, what is -574 - -527?
-49
In base 9, what is 673 - 114?
558
In base 9, what is -286 + -132?
-428
In base 8, what is 5 - -516401?
516406
In base 7, what is -4624505 - -3?
-4624502
In base 8, what is -43437 + -1?
-43440
In base 9, what is 0 - -17774?
17774
In base 3, what is -100021 - -2011?
-21010
In base 4, what is 12311 + 3023?
22000
In base 11, what is 4294 - 373?
3a21
In base 5, what is -433 + 2014100?
2013112
In base 2, what is -100111001 + -11011110010100?
-11100011001101
In base 4, what is -21 - 311100?
-311121
In base 12, what is -3376b7 - -2?
-3376b5
In base 6, what is -20431251 - -3?
-20431244
In base 10, what is 171 - 1650?
-1479
In base 2, what is -101010000101101 - 11111101?
-101010100101010
In base 7, what is -414511 - 6?
-414520
In base 9, what is 10 + 560871?
560881
In base 15, what is 2 - a73?
-a71
In base 2, what is 1010101011011000101 + 100?
1010101011011001001
In base 15, what is -36b4 + -1?
-36b5
In base 8, what is -124 - 2010?
-2134
In base 12, what is 17 - 145?
-12a
In base 12, what is 192 + -895?
-703
In base 4, what is 3211031 - -1?
3211032
In base 15, what is -4d30 + c?
-4d23
In base 11, what is 1 - 728527?
-728526
In base 11, what is 160200 + -1?
1601aa
In base 8, what is -273 - 275?
-570
In base 15, what is -4 - 16d98?
-16d9c
In base 14, what is 1 - 604?
-603
In base 5, what is 1 - 14020324?
-14020323
In base 14, what is 9ca2 - -5?
9ca7
In base 9, what is 1133 + 14?
1147
In base 16, what is 3 + -54d0?
-54cd
In base 16, what is -10a + 132?
28
In base 7, what is -3 + 50323?
50320
In base 6, what is 1104 - -220005?
221113
In base 7, what is 1114 + -36?
1045
In base 2, what is 10000011 - 111101011?
-101101000
In base 10, what is 11625 - 5?
11620
In base 8, what is 10343 - -46?
10411
In base 8, what is -457554 + -2?
-457556
In base 5, what is 1 - -122221233?
122221234
In base 6, what is 5 + -5314011?
-5314002
In base 13, what is 3 + -569c5?
-569c2
In base 8, what is 4 - -71134?
71140
In base 7, what is -103665 + -2?
-104000
In base 10, what is -551 + 2193?
1642
In base 11, what is -2 - -120969?
120967
In base 8, what is -176 + -4653?
-5051
In base 3, what is -101 - -101201011?
101200210
In base 14, what is 2ba58 - 7?
2ba51
In base 15, what is -191 + 1be?
2d
In base 6, what is -323233 - 14?
-323251
In base 9, what is 6 - 865435?
-865428
In base 4, what is -122 + -2021010?
-2021132
In base 16, what is 37 + -3b3a?
-3b03
In base 12, what is -20 + 349?
329
In base 5, what is 2131 - -14100?
21231
In base 7, what is 1631336 - -2?
1631341
In base 5, what is -21432 + 23?
-21404
In base 6, what is 112 + 54331?
54443
In base 8, what is -150750 + 1?
-150747
In base 12, what is 4 + 3391?
3395
In base 11, what is 8aa - -1452?
2251
In base 3, what is -100200012202100 - 0?
-100200012202100
In base 9, what is 423 + 50?
473
In base 13, what is 44 - 2c4?
-280
In base 2, what is -10000110111001 - 111111?
-10000111111000
In base 7, what is 0 + 15121?
15121
In base 10, what is 256589 - 3?
256586
In base 14, what is -21 + 85?
64
In base 16, what is 3766 - -30?
3796
In base 5, what is 0 + -400102431?
-400102431
In base 10, what is 36 - -41780?
41816
In base 16, what is -b523 + 5?
-b51e
In base 11, what is 4 - -8721?
8725
In base 8, what is -7732 - 23?
-7755
In base 3, what is -120120 + -1012110?
-1210000
In base 4, what is 33103 + 30?
33133
In base 6, what is -1 - 55414?
-55415
In base 14, what is 19